32 a multiple of 8?
True
Does 248 divide 125789999?
False
Is 2654122 a multiple of 14?
False
Does 950 divide 158895100?
True
Does 1121 divide 35921324?
True
Does 6 divide 13596442?
False
Does 37 divide 78184847?
False
Does 31 divide 4041065615?
False
Is 163 a factor of 75383751?
True
Does 1167 divide 37649754?
True
Does 161 divide 106479765?
True
Does 181 divide 48280405?
False
Is 2064 a factor of 250567536?
True
Is 4 a factor of 196409221?
False
Is 519290 a multiple of 23?
False
Does 22 divide 86226426?
True
Is 791 a factor of 169538985?
True
Is 16996051 a multiple of 1164?
False
Is 17116246 a multiple of 197?
False
Does 10 divide 53547460?
True
Is 2471754 a multiple of 17?
False
Is 8603584 a multiple of 16?
True
Is 5361658861 a multiple of 52?
False
Does 36 divide 1430621761?
False
Is 422 a factor of 337722752?
False
Is 68652430 a multiple of 539?
True
Is 143 a factor of 610229309?
False
Is 39640077 a multiple of 18?
False
Does 356 divide 912779016?
True
Is 191 a factor of 934342949?
False
Is 284 a factor of 147669151?
False
Does 45 divide 34547400?
True
Is 686 a factor of 45139341?
False
Is 137844259 a multiple of 1713?
False
Does 131 divide 132955437?
True
Does 423 divide 106934593?
False
Does 1578 divide 14771658?
True
Is 412 a factor of 95603776?
True
Does 638 divide 785744212?
True
Does 209 divide 41682912?
False
Is 330103016 a multiple of 8?
True
Is 150713760 a multiple of 48?
True
Is 4 a factor of 13946820?
True
Does 4 divide 6877608?
True
Does 23 divide 193595539?
False
Is 1681597866 a multiple of 78?
True
Does 37 divide 1165803127?
False
Does 12 divide 384241?
False
Is 41888685 a multiple of 24?
False
Is 9262045 even?
False
Is 86218737 a multiple of 2?
False
Is 367127261 a multiple of 416?
False
Does 101 divide 5399307?
False
Is 857952620 a multiple of 140?
True
Is 704 a factor of 2788872176?
False
Is 288133768 a multiple of 2318?
False
Is 139 a factor of 242607909?
False
Does 5 divide 202880805?
True
Is 130857854 a multiple of 190?
False
Is 132604172 a multiple of 12?
False
Is 230739141 a multiple of 2164?
False
Is 3724556344 a multiple of 8?
True
Does 172 divide 24516708?
True
Is 10 a factor of 74491470?
True
Is 13870224 a multiple of 18?
True
Is 2489 a factor of 1855491148?
False
Is 85 a factor of 15310490?
False
Does 62 divide 556468042?
True
Is 51140248 a multiple of 509?
True
Does 96 divide 472469664?
True
Is 538 a factor of 20949720?
True
Is 427 a factor of 1423252428?
False
Is 77904213 a multiple of 61?
False
Does 44 divide 121393591?
False
Does 6195 divide 82512991?
False
Is 1406895912 a multiple of 216?
True
Is 7845484 a multiple of 130?
False
Does 4404 divide 119582853?
False
Is 376 a factor of 68226565?
False
Is 390321940 a multiple of 20?
True
Is 306 a factor of 3145725288?
True
Does 2247 divide 227378424?
True
Does 123 divide 33234481?
False
Is 4576349 a multiple of 74?
False
Is 3 a factor of 6928103?
False
Does 78 divide 122334673?
False
Is 15070336 a multiple of 16?
True
Is 1010 a factor of 608257350?
True
Is 61 a factor of 1335967306?
False
Does 60 divide 13775112?
False
Is 784675712 a multiple of 32?
True
Is 624680197 a multiple of 12?
False
Is 9 a factor of 92588733?
True
Is 7 a factor of 3872907731?
True
Does 11 divide 64581299?
False
Does 69 divide 13189589?
False
Is 4979176 a multiple of 369?
False
Is 2118648 a multiple of 42?
True
Is 226 a factor of 74383154?
True
Is 598 a factor of 8863288?
False
Does 1158 divide 3639017316?
True
Is 2560788600 a multiple of 12?
True
Does 92 divide 152562496?
True
Is 32 a factor of 9665720?
False
Is 6579 a factor of 2479190886?
True
Is 83429098 a multiple of 17?
True
Is 375 a factor of 1115592750?
True
Is 9 a factor of 55919633?
False
Is 4815662480 a multiple of 2180?
False
Does 241 divide 26118857?
True
Does 717 divide 475666797?
False
Is 11201639 a multiple of 37?
True
Is 51694308 a multiple of 4?
True
Is 342 a factor of 42118326?
True
Is 4 a factor of 110001568?
True
Is 616112939 a multiple of 508?
False
Is 672088038 a multiple of 6?
True
Does 2650 divide 970737400?
True
Is 290585605 a multiple of 37?
True
Does 577 divide 321562100?
True
Is 408529742 a multiple of 5306?
False
Is 4073 a factor of 777528495?
False
Is 49 a factor of 11210880?
False
Is 39859830 a multiple of 164?
False
Is 2393 a factor of 133704089?
True
Does 8 divide 585507568?
True
Is 1417240062 a multiple of 1866?
True
Does 22 divide 45075518?
False
Does 9 divide 3224467422?
True
Does 38 divide 276235448?
False
Is 950 a factor of 128250?
True
Does 4 divide 60676576?
True
Is 66685841 a multiple of 2927?
True
Is 676 a factor of 8746764?
True
Is 99334188 a multiple of 54?
True
Does 77 divide 16085916?
True
Does 231 divide 285368160?
True
Is 29916544 a multiple of 2?
True
Does 2526 divide 555257742?
True
Is 6131238 a multiple of 7?
False
Does 139 divide 444476303?
False
Is 151 a factor of 2035970750?
True
Is 2214770294 a multiple of 210?
False
Is 210128364 a multiple of 17?
True
Is 278886712 a multiple of 988?
True
Is 759 a factor of 72594555?
True
Does 463 divide 7962875?
False
Is 209343589 a multiple of 10?
False
Is 13 a factor of 43777184?
False
Does 45 divide 95267322?
False
Is 4056 a factor of 869217024?
True
Does 102 divide 167368536?
True
Does 15 divide 22303881?
False
Does 730 divide 72816040?
True
Is 159579728 a multiple of 28?
True
Does 386 divide 308869866?
True
Does 16 divide 37276736?
True
Does 12 divide 189647744?
False
Is 28 a factor of 944617578?
False
Is 15291331 even?
False
Is 1347500177 a multiple of 66?
False
Does 42 divide 16503732?
True
Is 67588968 a multiple of 24?
True
Is 210148427 a multiple of 1333?
False
Is 47761001 a multiple of 171?
False
Is 11 a factor of 115319028?
True
Does 19 divide 52389954?
True
Is 683 a factor of 47314825?
True
Is 12774798 a multiple of 4071?
True
Is 16241 a factor of 1629777070?
False
Is 163894340 a multiple of 1193?
True
Does 10 divide 190739046?
False
Is 5748720874 a multiple of 26?
True
Does 7 divide 15637944?
True
Is 7 a factor of 292612446?
True
Is 4061209 a multiple of 3?
False
Is 74812815 a multiple of 603?
False
Does 18 divide 19882571?
False
Does 120 divide 269741128?
False
Is 272018 even?
True
Is 299002179 a multiple of 27?
False
Is 38 a factor of 11960912?
False
Does 1118 divide 9245860?
True
Is 204 a factor of 134313447?
False
Is 7 a factor of 3935910?
False
Is 472551714 a multiple of 68?
False
Is 804 a factor of 144159230?
False
Is 2523921959 a multiple of 844?
False
Is 754 a factor of 30928326?
True
Does 1248 divide 134989719?
False
Does 56 divide 86061707?
False
Is 20487895 a multiple of 1051?
False
Is 34667708 even?
True
Is 6944 a factor of 402691877?
False
Is 40038085 a multiple of 2495?
False
Does 637 divide 2265172?
True
Is 9876291 a multiple of 401?
False
Does 2024 divide 131116593?
False
Is 91606308 a multiple of 4?
True
Does 12 divide 151606209?
False
Is 38 a factor of 808546607?
False
Does 1738 divide 7355216?
True
Is 23899293 a multiple of 27?
True
Is 3288 a factor of 65285329?
False
Is 6016536205 a multiple of 1148?
False
Is 182633997 a multiple of 2705?
False
Does 69 divide 15546579?
False
Does 7249 divide 294229661?
True
Does 3031 divide 27821156?
False
Does 4236 divide 3372190644?
True
Does 12 divide 233727242?
False
Is 336837946 a multiple of 781?
False
Is 22946287 a multiple of 28?
False
Is 11 a factor of 3961166?
True
Is 2963 a factor of 1094884797?
True
Is 18040890 a multiple of 105?
True
Does 231 divide 13112253?
True
Is 123 a factor of 7929564?
True
Does 1342 divide 1497598190?
True
Is 87 a factor of 435172380?
False
Does 17 divide 16833757?
True
Is 12 a factor of 795152?
False
Is 3556572297 a multiple of 1753?
True
Is 24637527 a multiple of 1057?
False
Is 3125 a factor of 1754066859?
False
Is 37 a factor of 7537936?
True
Is 17 a factor of 41585434?
True
Is 6157 a factor of 1241892215?
False
Is 761 a factor of 225940900?
True
Does 27 divide 4073247?
True
Does 650 divide 22544960?
False
Is 753872120 a multiple of 554?
True
Is 179377951 a multiple of 1049?
True
Does 168 divide 376248418?
False
Is 15 a factor of 1909215060?
True
Is 170 a factor of 1389699000?
True
Is 7145070 a multiple of 314?
True
Is 8758 a factor of 595894370?
False
Is 13721078 a multiple of 14?
True
Is 88 a factor of 1608467696?
True
Is 68 a factor of 29